e the prime factors of 4271998?
2, 17, 19, 389
List the prime factors of 8455836.
2, 3, 19, 37087
What are the prime factors of 975075?
3, 5, 13001
List the prime factors of 222046.
2, 11, 10093
What are the prime factors of 636586?
2, 71, 4483
What are the prime factors of 290521?
7, 11
List the prime factors of 89368.
2, 11171
List the prime factors of 17549457.
3, 17, 101, 3407
What are the prime factors of 11345031?
3, 263, 4793
List the prime factors of 4610522.
2, 7, 509, 647
What are the prime factors of 23141?
73, 317
List the prime factors of 3874622.
2, 1937311
List the prime factors of 2765417.
31, 37, 2411
List the prime factors of 3069529.
3069529
What are the prime factors of 2963001?
3, 43, 103, 223
List the prime factors of 8549681.
7, 1221383
What are the prime factors of 4203572?
2, 23, 45691
What are the prime factors of 7354184?
2, 47, 19559
What are the prime factors of 158564?
2, 7, 809
What are the prime factors of 2504241?
3, 71, 3919
What are the prime factors of 6738?
2, 3, 1123
What are the prime factors of 2430779?
13, 17, 647
What are the prime factors of 1429752?
2, 3, 41, 1453
List the prime factors of 23934724.
2, 11, 543971
List the prime factors of 1915386.
2, 3, 11, 29021
List the prime factors of 1640759.
281, 5839
What are the prime factors of 9860?
2, 5, 17, 29
What are the prime factors of 22711116?
2, 3, 17, 163, 683
What are the prime factors of 3911546?
2, 1955773
What are the prime factors of 8125066?
2, 4062533
List the prime factors of 159577.
11, 89, 163
List the prime factors of 109634.
2, 7, 41, 191
What are the prime factors of 75197?
29, 2593
What are the prime factors of 7152623?
7152623
List the prime factors of 29863.
29863
What are the prime factors of 34601?
7, 4943
List the prime factors of 3149143.
3149143
List the prime factors of 11023376.
2, 7, 13, 67, 113
List the prime factors of 298347.
3, 7, 14207
List the prime factors of 243795.
3, 5, 16253
List the prime factors of 713153.
7, 101879
List the prime factors of 1438660.
2, 5, 71933
List the prime factors of 144077.
19, 7583
What are the prime factors of 2418991?
113, 21407
What are the prime factors of 548296?
2, 7, 9791
List the prime factors of 685043.
457, 1499
What are the prime factors of 7895515?
5, 1579103
List the prime factors of 3899203.
7, 11, 79, 641
List the prime factors of 2110815.
3, 5, 7, 6701
What are the prime factors of 6838687?
6838687
What are the prime factors of 422553?
3, 83, 1697
What are the prime factors of 4985309?
7, 101741
What are the prime factors of 299261?
299261
List the prime factors of 596304.
2, 3, 41, 101
List the prime factors of 200377.
151, 1327
List the prime factors of 7966502.
2, 409, 9739
What are the prime factors of 151575?
3, 5, 43, 47
List the prime factors of 866421.
3, 96269
List the prime factors of 3045126.
2, 3, 7, 72503
What are the prime factors of 11419226?
2, 7, 13, 62743
List the prime factors of 4634.
2, 7, 331
What are the prime factors of 3557937?
3, 1185979
What are the prime factors of 786876?
2, 3, 23, 2851
What are the prime factors of 303419?
241, 1259
What are the prime factors of 166187?
7, 23741
List the prime factors of 1109559.
3, 11, 33623
What are the prime factors of 6245753?
89, 70177
List the prime factors of 273824.
2, 43, 199
What are the prime factors of 6358651?
13, 489127
List the prime factors of 214805.
5, 42961
List the prime factors of 684403.
17, 127, 317
What are the prime factors of 1472078?
2, 736039
What are the prime factors of 214942?
2, 7, 13, 1181
List the prime factors of 116990.
2, 5, 11699
List the prime factors of 4184183.
23, 109, 1669
What are the prime factors of 207965?
5, 41593
What are the prime factors of 83157?
3, 53, 523
What are the prime factors of 6021892?
2, 43, 157, 223
List the prime factors of 262613.
13, 20201
What are the prime factors of 670876?
2, 367, 457
List the prime factors of 1160033.
7, 165719
List the prime factors of 163895.
5, 32779
What are the prime factors of 248215?
5, 11, 4513
What are the prime factors of 3742207?
7, 534601
What are the prime factors of 20744?
2, 2593
What are the prime factors of 253023?
3, 19, 23, 193
What are the prime factors of 221103?
3, 19, 431
What are the prime factors of 1915206?
2, 3, 319201
What are the prime factors of 1287998?
2, 227, 2837
What are the prime factors of 504270?
2, 3, 5, 13, 431
List the prime factors of 379546.
2, 23, 37, 223
What are the prime factors of 725523?
3, 59, 4099
What are the prime factors of 549740?
2, 5, 27487
What are the prime factors of 1181610?
2, 3, 5, 19, 691
List the prime factors of 163425.
3, 5, 2179
What are the prime factors of 1696056?
2, 3, 17, 4157
List the prime factors of 227094.
2, 3, 7, 5407
What are the prime factors of 1190269?
277, 4297
What are the prime factors of 728203?
7, 23, 4523
List the prime factors of 230450.
2, 5, 11, 419
List the prime factors of 44306844.
2, 3, 1223, 3019
List the prime factors of 280378.
2, 7, 2861
What are the prime factors of 13283700?
2, 3, 5, 44279
List the prime factors of 19649016.
2, 3, 272903
What are the prime factors of 418722?
2, 3, 19, 3673
What are the prime factors of 2390268?
2, 3, 17, 11717
List the prime factors of 290466.
2, 3, 11, 163
What are the prime factors of 173301?
3, 61, 947
List the prime factors of 1497422.
2, 748711
List the prime factors of 8158396.
2, 29, 53, 1327
List the prime factors of 252815.
5, 59, 857
What are the prime factors of 18659747?
18659747
List the prime factors of 469249.
11, 29, 1471
List the prime factors of 12197816.
2, 47, 32441
List the prime factors of 7418212.
2, 41, 45233
List the prime factors of 4841037.
3, 251, 2143
List the prime factors of 805612.
2, 201403
What are the prime factors of 5047112?
2, 7, 90127
What are the prime factors of 1352564?
2, 338141
What are the prime factors of 368351?
479, 769
What are the prime factors of 385568?
2, 12049
What are the prime factors of 1294435?
5, 258887
What are the prime factors of 175395?
3, 5, 11, 1063
What are the prime factors of 9107586?
2, 3, 23, 7333
What are the prime factors of 3422851?
89, 38459
List the prime factors of 428119.
211, 2029
What are the prime factors of 652995?
3, 5, 7, 691
What are the prime factors of 33203323?
1039, 31957
List the prime factors of 1640616.
2, 3, 197, 347
List the prime factors of 149173.
149173
What are the prime factors of 15746547?
3, 563, 9323
List the prime factors of 833453.
833453
List the prime factors of 393990.
2, 3, 5, 23, 571
What are the prime factors of 8222176?
2, 89, 2887
What are the prime factors of 760532?
2, 19, 10007
List the prime factors of 4669846.
2, 2334923
What are the prime factors of 1351915?
5, 127, 2129
List the prime factors of 1025442.
2, 3, 11, 5179
What are the prime factors of 9110518?
2, 167, 27277
What are the prime factors of 693570?
2, 3, 5, 61, 379
List the prime factors of 523135.
5, 23, 4549
What are the prime factors of 290017?
7, 13, 3187
What are the prime factors of 873141?
3, 59, 4933
List the prime factors of 66755.
5, 13, 79
What are the prime factors of 27776526?
2, 3, 4629421
What are the prime factors of 2225965?
5, 7, 63599
What are the prime factors of 1026157?
11, 93287
What are the prime factors of 6868875?
3, 5, 13, 1409
What are the prime factors of 180768?
2, 3, 7, 269
List the prime factors of 2466227.
467, 5281
List the prime factors of 667264.
2, 13, 401
What are the prime factors of 291529?
7, 41647
What are the prime factors of 1580754?
2, 3, 7, 61, 617
What are the prime factors of 4468339?
4468339
What are the prime factors of 12801740?
2, 5, 7, 13063
What are the prime factors of 15651985?
5, 17, 89, 2069
What are the prime factors of 7095610?
2, 5, 709561
What are the prime factors of 6415761?
3, 11, 433, 449
List the prime factors of 280109.
17, 16477
List the prime factors of 2146903.
11, 1613
What are the prime factors of 4439827?
7, 634261
What are the prime factors of 4234740?
2, 3, 5, 163, 433
List the prime factors of 483931.
7, 257, 269
List the prime factors of 275827.
275827
What are the prime factors of 91935?
3, 5, 227
What are the prime factors of 1538271?
3, 7, 2713
What are the prime factors of 29738100?
2, 3, 5, 7, 17
List the prime factors of 38492